{"id":324,"date":"2021-11-18T21:23:10","date_gmt":"2021-11-18T20:23:10","guid":{"rendered":"https:\/\/www.mercator-gs.de\/buildingsite\/?page_id=324"},"modified":"2025-10-04T21:06:40","modified_gmt":"2025-10-04T19:06:40","slug":"schuelerbeteiligung","status":"publish","type":"page","link":"https:\/\/www.mercator-gs.de\/buildingsite\/schuelerbeteiligung\/","title":{"rendered":"SCH\u00dcLERBETEILIGUNG"},"content":{"rendered":"\t\t<div data-elementor-type=\"wp-page\" data-elementor-id=\"324\" class=\"elementor elementor-324\">\n\t\t\t\t\t\t<section class=\"elementor-section elementor-top-section elementor-element elementor-element-14d383f elementor-section-boxed elementor-section-height-default elementor-section-height-default wpr-particle-no wpr-jarallax-no wpr-parallax-no wpr-sticky-section-no\" data-id=\"14d383f\" data-element_type=\"section\">\n\t\t\t\t\t\t<div class=\"elementor-container elementor-column-gap-default\">\n\t\t\t\t\t<div class=\"elementor-column elementor-col-100 elementor-top-column elementor-element elementor-element-f3d4649\" data-id=\"f3d4649\" data-element_type=\"column\">\n\t\t\t<div class=\"elementor-widget-wrap elementor-element-populated\">\n\t\t\t\t\t\t<div class=\"elementor-element elementor-element-ebb5d81 elementor-widget elementor-widget-spacer\" data-id=\"ebb5d81\" data-element_type=\"widget\" data-widget_type=\"spacer.default\">\n\t\t\t\t<div class=\"elementor-widget-container\">\n\t\t\t\t\t\t\t<div class=\"elementor-spacer\">\n\t\t\t<div class=\"elementor-spacer-inner\"><\/div>\n\t\t<\/div>\n\t\t\t\t\t\t<\/div>\n\t\t\t\t<\/div>\n\t\t\t\t\t<\/div>\n\t\t<\/div>\n\t\t\t\t\t<\/div>\n\t\t<\/section>\n\t\t\t\t<section class=\"elementor-section elementor-top-section elementor-element elementor-element-9e27450 elementor-section-boxed elementor-section-height-default elementor-section-height-default wpr-particle-no wpr-jarallax-no wpr-parallax-no wpr-sticky-section-no\" data-id=\"9e27450\" data-element_type=\"section\">\n\t\t\t\t\t\t<div class=\"elementor-container elementor-column-gap-default\">\n\t\t\t\t\t<div class=\"elementor-column elementor-col-100 elementor-top-column elementor-element elementor-element-1ed088d\" data-id=\"1ed088d\" data-element_type=\"column\">\n\t\t\t<div class=\"elementor-widget-wrap elementor-element-populated\">\n\t\t\t\t\t\t<div class=\"elementor-element elementor-element-443aaf8 elementor-widget elementor-widget-text-editor\" data-id=\"443aaf8\" data-element_type=\"widget\" data-widget_type=\"text-editor.default\">\n\t\t\t\t<div class=\"elementor-widget-container\">\n\t\t\t\t\t\t\t\t\t<h2 style=\"margin-bottom: 0px; font-style: normal; font-variant-ligatures: normal; font-variant-caps: normal; font-size: 2.6em; line-height: 1em; font-family: 'Indie Flower', cursive; color: #0046a8; text-transform: uppercase;\">UNSERE SCH\u00dcLER BESTIMMEN MIT!<\/h2>\t\t\t\t\t\t\t\t<\/div>\n\t\t\t\t<\/div>\n\t\t\t\t\t<\/div>\n\t\t<\/div>\n\t\t\t\t\t<\/div>\n\t\t<\/section>\n\t\t\t\t<section class=\"elementor-section elementor-top-section elementor-element elementor-element-5c67dc0 elementor-section-boxed elementor-section-height-default elementor-section-height-default wpr-particle-no wpr-jarallax-no wpr-parallax-no wpr-sticky-section-no\" data-id=\"5c67dc0\" data-element_type=\"section\">\n\t\t\t\t\t\t<div class=\"elementor-container elementor-column-gap-default\">\n\t\t\t\t\t<div class=\"elementor-column elementor-col-100 elementor-top-column elementor-element elementor-element-ae109f6\" data-id=\"ae109f6\" data-element_type=\"column\">\n\t\t\t<div class=\"elementor-widget-wrap elementor-element-populated\">\n\t\t\t\t\t\t<div class=\"elementor-element elementor-element-7c85431 elementor-widget elementor-widget-text-editor\" data-id=\"7c85431\" data-element_type=\"widget\" data-widget_type=\"text-editor.default\">\n\t\t\t\t<div class=\"elementor-widget-container\">\n\t\t\t\t\t\t\t\t\t<p><span style=\"color: #0046a8; font-family: Cambria, sans-serif; font-size: 18.6667px; font-style: normal; font-variant-ligatures: normal; font-variant-caps: normal; font-weight: 300;\">Unsere Gesamtsch\u00fclervertretung mit den Klassensprecher:innen trifft sich regelm\u00e4\u00dfig mit Frau Renner und Herr Neuhaus, um wichtige Punkte zu besprechen, die den Sch\u00fclern auf dem Herzen liegen. Zus\u00e4tzlich k\u00f6nnen sich die Sch\u00fcler in verschiedenen Projekten einbringen.<\/span><br style=\"color: #0046a8; font-family: Cambria, sans-serif; font-size: 18.6667px;\" \/><br style=\"color: #0046a8; font-family: Cambria, sans-serif; font-size: 18.6667px;\" \/><span style=\"font-style: normal; font-variant-ligatures: normal; font-variant-caps: normal; font-weight: bold; font-size: 18.6667px; font-family: Cambria, sans-serif; color: #0046a8;\">Parksrange<\/span><br style=\"color: #0046a8; font-family: Cambria, sans-serif; font-size: 18.6667px;\" \/><br style=\"color: #0046a8; font-family: Cambria, sans-serif; font-size: 18.6667px;\" \/><span style=\"color: #0046a8; font-family: Cambria, sans-serif; font-size: 18.6667px; font-style: normal; font-variant-ligatures: normal; font-variant-caps: normal; font-weight: 300;\">Im Zuge des Neubaus der Wohnsiedlung \u201c Parksrange\u201d, gab es ein Kinderbeteiligungsverfahren in Kooperation mit dem Kinder und Jugend B\u00fcdo ( KIJUB ) und Busstop.<\/span><br style=\"color: #0046a8; font-family: Cambria, sans-serif; font-size: 18.6667px;\" \/><br style=\"color: #0046a8; font-family: Cambria, sans-serif; font-size: 18.6667px;\" \/><span style=\"color: #0046a8; font-family: Cambria, sans-serif; font-size: 18.6667px; font-style: normal; font-variant-ligatures: normal; font-variant-caps: normal; font-weight: 300;\">Die Kinder haben die M\u00f6glichkeit sich bei der Gestaltung von 3 neu entstehenden Orten zu beteiligen.<\/span><br style=\"color: #0046a8; font-family: Cambria, sans-serif; font-size: 18.6667px;\" \/><br style=\"color: #0046a8; font-family: Cambria, sans-serif; font-size: 18.6667px;\" \/><span style=\"color: #0046a8; font-family: Cambria, sans-serif; font-size: 18.6667px; font-style: normal; font-variant-ligatures: normal; font-variant-caps: normal; font-weight: 300;\">Das Projekt fand in den R\u00e4umen von Busstop statt. Es nahmen 2 Klassen daran teil. Es wurde zun\u00e4chst vorgestellt und dann wurden Kleingruppen eingeteilt . Diese diskutierten was sie sich f\u00fcr den Ort vorstellen und dann erstellten sie Modelle.<\/span><br style=\"color: #0046a8; font-family: Cambria, sans-serif; font-size: 18.6667px;\" \/><br style=\"color: #0046a8; font-family: Cambria, sans-serif; font-size: 18.6667px;\" \/><span style=\"color: #0046a8; font-family: Cambria, sans-serif; font-size: 18.6667px; font-style: normal; font-variant-ligatures: normal; font-variant-caps: normal; font-weight: 300;\">Die Modelle wurden in einer Ausstellung den anderen vorgestellt und erl\u00e4utert. Daraufhin bekahmen alle Teilnehmer:innen Punkte und konnten die Entw\u00fcrfe oder Teile daraus bepunkten. Das Kijub sammelt die Ergebnisse und wird sie dem Bautr\u00e4ger \u00fcbergeben.<\/span><br style=\"color: #0046a8; font-family: Cambria, sans-serif; font-size: 18.6667px;\" \/><br style=\"color: #0046a8; font-family: Cambria, sans-serif; font-size: 18.6667px;\" \/><span style=\"font-style: normal; font-variant-ligatures: normal; font-variant-caps: normal; font-weight: bold; font-size: 18.6667px; font-family: Cambria, sans-serif; color: #0046a8;\">Spielplatzprojekt<\/span><br style=\"color: #0046a8; font-family: Cambria, sans-serif; font-size: 18.6667px;\" \/><br style=\"color: #0046a8; font-family: Cambria, sans-serif; font-size: 18.6667px;\" \/><span style=\"color: #0046a8; font-family: Cambria, sans-serif; font-size: 18.6667px; font-style: normal; font-variant-ligatures: normal; font-variant-caps: normal; font-weight: 300;\">Im Zuge der Neugestaltung des Spielplatzes Scheelestra\u00dfe nahm eine 3.Klasse an diesem Projekt teil.<\/span><br style=\"color: #0046a8; font-family: Cambria, sans-serif; font-size: 18.6667px;\" \/><br style=\"color: #0046a8; font-family: Cambria, sans-serif; font-size: 18.6667px;\" \/><span style=\"color: #0046a8; font-family: Cambria, sans-serif; font-size: 18.6667px; font-style: normal; font-variant-ligatures: normal; font-variant-caps: normal; font-weight: 300;\">Im Vorfeld besuchten sie den Spielplatz und lernten ihn kennen. Sie erkundeten ihn und stellten fest, was man dort alles machen kann.<\/span><br style=\"color: #0046a8; font-family: Cambria, sans-serif; font-size: 18.6667px;\" \/><br style=\"color: #0046a8; font-family: Cambria, sans-serif; font-size: 18.6667px;\" \/><span style=\"color: #0046a8; font-family: Cambria, sans-serif; font-size: 18.6667px; font-style: normal; font-variant-ligatures: normal; font-variant-caps: normal; font-weight: 300;\">Dann schloss sich die kreative Phase an. Diese wurde in Kooperration mit dem KIJUB durchgef\u00fchrt. Es wurde noch einmal erkl\u00e4rt, und dann teilte sich die Klassein 4 Kleingruppen auf. Diese besprachen das Projekt und erstellten Modelle.<\/span><br style=\"color: #0046a8; font-family: Cambria, sans-serif; font-size: 18.6667px;\" \/><br style=\"color: #0046a8; font-family: Cambria, sans-serif; font-size: 18.6667px;\" \/><span style=\"color: #0046a8; font-family: Cambria, sans-serif; font-size: 18.6667px; font-style: normal; font-variant-ligatures: normal; font-variant-caps: normal; font-weight: 300;\">Die Modelle wurden der Gesamtgruppe vorgestellt, erl\u00e4utert und Fragen beantwortet.<\/span><br style=\"color: #0046a8; font-family: Cambria, sans-serif; font-size: 18.6667px;\" \/><br style=\"color: #0046a8; font-family: Cambria, sans-serif; font-size: 18.6667px;\" \/><span style=\"color: #0046a8; font-family: Cambria, sans-serif; font-size: 18.6667px; font-style: normal; font-variant-ligatures: normal; font-variant-caps: normal; font-weight: 300;\">Im Anschluss wurden Punkte verteilt, und jeder konnte sein lieblingsProjekt bepunkten.<\/span><br style=\"color: #0046a8; font-family: Cambria, sans-serif; font-size: 18.6667px;\" \/><br style=\"color: #0046a8; font-family: Cambria, sans-serif; font-size: 18.6667px;\" \/><span style=\"color: #0046a8; font-family: Cambria, sans-serif; font-size: 18.6667px; font-style: normal; font-variant-ligatures: normal; font-variant-caps: normal; font-weight: 300;\">Das KIJUB leitet die Ergebnisse weiter an den Bautr\u00e4ger.<\/span><\/p>\t\t\t\t\t\t\t\t<\/div>\n\t\t\t\t<\/div>\n\t\t\t\t\t<\/div>\n\t\t<\/div>\n\t\t\t\t\t<\/div>\n\t\t<\/section>\n\t\t\t\t<\/div>\n\t\t","protected":false},"excerpt":{"rendered":"<p>UNSERE SCH\u00dcLER BESTIMMEN MIT! Unsere Gesamtsch\u00fclervertretung mit den Klassensprecher:innen trifft sich regelm\u00e4\u00dfig mit Frau Renner und Herr Neuhaus, um wichtige Punkte zu besprechen, die den Sch\u00fclern auf dem Herzen liegen. Zus\u00e4tzlich k\u00f6nnen sich die Sch\u00fcler in verschiedenen Projekten einbringen.ParksrangeIm Zuge des Neubaus der Wohnsiedlung \u201c Parksrange\u201d, gab es ein Kinderbeteiligungsverfahren in Kooperation mit dem Kinder und Jugend B\u00fcdo ( KIJUB ) und Busstop.Die Kinder haben die M\u00f6glichkeit sich bei der Gestaltung von 3 neu entstehenden Orten zu beteiligen.Das Projekt fand in den R\u00e4umen von Busstop statt. Es nahmen 2 Klassen daran teil. Es wurde zun\u00e4chst vorgestellt und dann wurden Kleingruppen eingeteilt . Diese diskutierten was sie sich f\u00fcr den Ort vorstellen und dann erstellten sie Modelle.Die Modelle wurden in einer Ausstellung den anderen vorgestellt und erl\u00e4utert. Daraufhin bekahmen alle Teilnehmer:innen Punkte und konnten die Entw\u00fcrfe oder Teile daraus bepunkten. Das Kijub sammelt die Ergebnisse und wird sie dem Bautr\u00e4ger \u00fcbergeben.SpielplatzprojektIm Zuge der Neugestaltung des Spielplatzes Scheelestra\u00dfe nahm eine 3.Klasse an diesem Projekt teil.Im Vorfeld besuchten sie den Spielplatz und lernten ihn kennen. Sie erkundeten ihn und stellten fest, was man dort alles machen kann.Dann schloss sich die kreative Phase an. Diese wurde in Kooperration mit dem KIJUB durchgef\u00fchrt. Es wurde noch einmal erkl\u00e4rt, und dann teilte sich die Klassein 4 Kleingruppen auf. Diese besprachen das Projekt und erstellten Modelle.Die Modelle wurden der Gesamtgruppe vorgestellt, erl\u00e4utert und Fragen beantwortet.Im Anschluss wurden Punkte verteilt, und jeder konnte sein lieblingsProjekt bepunkten.Das KIJUB leitet die Ergebnisse weiter an den Bautr\u00e4ger.<\/p>\n","protected":false},"author":1,"featured_media":0,"parent":0,"menu_order":0,"comment_status":"closed","ping_status":"closed","template":"","meta":{"ocean_post_layout":"full-width","ocean_both_sidebars_style":"","ocean_both_sidebars_content_width":0,"ocean_both_sidebars_sidebars_width":0,"ocean_sidebar":"0","ocean_second_sidebar":"0","ocean_disable_margins":"on","ocean_add_body_class":"","ocean_shortcode_before_top_bar":"","ocean_shortcode_after_top_bar":"","ocean_shortcode_before_header":"","ocean_shortcode_after_header":"","ocean_has_shortcode":"","ocean_shortcode_after_title":"","ocean_shortcode_before_footer_widgets":"","ocean_shortcode_after_footer_widgets":"","ocean_shortcode_before_footer_bottom":"","ocean_shortcode_after_footer_bottom":"","ocean_display_top_bar":"off","ocean_display_header":"on","ocean_header_style":"transparent","ocean_center_header_left_menu":"0","ocean_custom_header_template":"0","ocean_custom_logo":0,"ocean_custom_retina_logo":0,"ocean_custom_logo_max_width":0,"ocean_custom_logo_tablet_max_width":0,"ocean_custom_logo_mobile_max_width":0,"ocean_custom_logo_max_height":0,"ocean_custom_logo_tablet_max_height":0,"ocean_custom_logo_mobile_max_height":0,"ocean_header_custom_menu":"0","ocean_menu_typo_font_family":"0","ocean_menu_typo_font_subset":"","ocean_menu_typo_font_size":0,"ocean_menu_typo_font_size_tablet":0,"ocean_menu_typo_font_size_mobile":0,"ocean_menu_typo_font_size_unit":"px","ocean_menu_typo_font_weight":"","ocean_menu_typo_font_weight_tablet":"","ocean_menu_typo_font_weight_mobile":"","ocean_menu_typo_transform":"","ocean_menu_typo_transform_tablet":"","ocean_menu_typo_transform_mobile":"","ocean_menu_typo_line_height":0,"ocean_menu_typo_line_height_tablet":0,"ocean_menu_typo_line_height_mobile":0,"ocean_menu_typo_line_height_unit":"","ocean_menu_typo_spacing":0,"ocean_menu_typo_spacing_tablet":0,"ocean_menu_typo_spacing_mobile":0,"ocean_menu_typo_spacing_unit":"","ocean_menu_link_color":"","ocean_menu_link_color_hover":"","ocean_menu_link_color_active":"","ocean_menu_link_background":"","ocean_menu_link_hover_background":"","ocean_menu_link_active_background":"","ocean_menu_social_links_bg":"","ocean_menu_social_hover_links_bg":"","ocean_menu_social_links_color":"","ocean_menu_social_hover_links_color":"","ocean_disable_title":"on","ocean_disable_heading":"default","ocean_post_title":"","ocean_post_subheading":"","ocean_post_title_style":"","ocean_post_title_background_color":"","ocean_post_title_background":0,"ocean_post_title_bg_image_position":"","ocean_post_title_bg_image_attachment":"","ocean_post_title_bg_image_repeat":"","ocean_post_title_bg_image_size":"","ocean_post_title_height":0,"ocean_post_title_bg_overlay":0.5,"ocean_post_title_bg_overlay_color":"","ocean_disable_breadcrumbs":"default","ocean_breadcrumbs_color":"","ocean_breadcrumbs_separator_color":"","ocean_breadcrumbs_links_color":"","ocean_breadcrumbs_links_hover_color":"","ocean_display_footer_widgets":"default","ocean_display_footer_bottom":"default","ocean_custom_footer_template":"0","footnotes":""},"class_list":["post-324","page","type-page","status-publish","hentry","entry"],"_links":{"self":[{"href":"https:\/\/www.mercator-gs.de\/buildingsite\/wp-json\/wp\/v2\/pages\/324","targetHints":{"allow":["GET"]}}],"collection":[{"href":"https:\/\/www.mercator-gs.de\/buildingsite\/wp-json\/wp\/v2\/pages"}],"about":[{"href":"https:\/\/www.mercator-gs.de\/buildingsite\/wp-json\/wp\/v2\/types\/page"}],"author":[{"embeddable":true,"href":"https:\/\/www.mercator-gs.de\/buildingsite\/wp-json\/wp\/v2\/users\/1"}],"replies":[{"embeddable":true,"href":"https:\/\/www.mercator-gs.de\/buildingsite\/wp-json\/wp\/v2\/comments?post=324"}],"version-history":[{"count":10,"href":"https:\/\/www.mercator-gs.de\/buildingsite\/wp-json\/wp\/v2\/pages\/324\/revisions"}],"predecessor-version":[{"id":2891,"href":"https:\/\/www.mercator-gs.de\/buildingsite\/wp-json\/wp\/v2\/pages\/324\/revisions\/2891"}],"wp:attachment":[{"href":"https:\/\/www.mercator-gs.de\/buildingsite\/wp-json\/wp\/v2\/media?parent=324"}],"curies":[{"name":"wp","href":"https:\/\/api.w.org\/{rel}","templated":true}]}}